 231?
201
In base 2, what is 11 + -1011?
-1000
In base 8, what is 5 + 5?
12
In base 9, what is 4 + 100?
104
In base 10, what is 37 + 8?
45
In base 10, what is 2 + -166?
-164
In base 10, what is -1 + 302?
301
In base 13, what is -4 - 222?
-226
In base 5, what is -21303 + 3?
-21300
In base 9, what is -1 - 10?
-11
In base 11, what is -13 + 71?
59
In base 10, what is 221 - -7?
228
In base 14, what is 8a7 + -1?
8a6
In base 9, what is 3 - -205?
208
In base 6, what is 11500 - 0?
11500
In base 4, what is -123 - 2303?
-3032
In base 7, what is -31 + 15?
-13
In base 8, what is -5 - -26?
21
In base 7, what is 260 + 0?
260
In base 6, what is 4244 + -32?
4212
In base 13, what is -118 - 0?
-118
In base 6, what is 4 + 4?
12
In base 16, what is 8 - 3b7?
-3af
In base 7, what is 20214 + -1?
20213
In base 12, what is -7 - -3?
-4
In base 14, what is -c1 - 3?
-c4
In base 2, what is -111100 + -110010?
-1101110
In base 5, what is -1 + -2141?
-2142
In base 3, what is -122 + 11211?
11012
In base 5, what is -24 + -10243?
-10322
In base 10, what is 424 + -5?
419
In base 5, what is 142330 + -1?
142324
In base 10, what is 37 + -9?
28
In base 10, what is -12 + 65?
53
In base 6, what is 4 + -13535?
-13531
In base 6, what is -4 + 2132?
2124
In base 7, what is 52 - -251?
333
In base 11, what is 2629 - -2?
2630
In base 12, what is -77 - 13?
-8a
In base 16, what is 12c + -4?
128
In base 15, what is -50 - 5?
-55
In base 11, what is 5 - -27?
31
In base 15, what is 13d3 - -4?
13d7
In base 4, what is -3203 + -122?
-3331
In base 3, what is 2 + 100200?
100202
In base 4, what is 12 + 2211?
2223
In base 5, what is -13 + 1010?
442
In base 6, what is -122 - 12?
-134
In base 14, what is 8 + 7d?
87
In base 14, what is -370d + 4?
-3709
In base 16, what is -32b - -4?
-327
In base 3, what is 12 - 11122120?
-11122101
In base 2, what is 10011 + 10011001?
10101100
In base 11, what is -96 - 3?
-99
In base 8, what is -35 - -57?
22
In base 11, what is -2 + -74?
-76
In base 13, what is -15 + 1c?
7
In base 11, what is -4 + -45?
-49
In base 12, what is 754 - -2?
756
In base 5, what is 10 + -21?
-11
In base 4, what is 31 - 222?
-131
In base 16, what is -15 - -5?
-10
In base 16, what is 4ce + -3?
4cb
In base 11, what is 4 - -115?
119
In base 7, what is -11044 - -14?
-11030
In base 15, what is -c - c4?
-d1
In base 8, what is 102 + -5?
75
In base 9, what is 125 - 12?
113
In base 4, what is -2 - -123?
121
In base 6, what is -3 - -14?
11
In base 16, what is -1c - 2?
-1e
In base 8, what is -4470 - -3?
-4465
In base 9, what is 22 - 13?
8
In base 6, what is -3 + 3251?
3244
In base 2, what is 101 + 11101011?
11110000
In base 4, what is 111222 + -11?
111211
In base 12, what is -1602 - -3?
-15bb
In base 4, what is -130 + -133?
-323
In base 4, what is 111 - -10332?
11103
In base 3, what is 20 - 2011?
-1221
In base 16, what is 2 + 78?
7a
In base 10, what is 9797 + 2?
9799
In base 10, what is -21 + 9?
-12
In base 11, what is 10 - -511?
521
In base 13, what is -5a - 1?
-5b
In base 13, what is 12b - 9?
122
In base 8, what is 0 - -175?
175
In base 2, what is 0 + 1001010?
1001010
In base 10, what is 5246 + 1?
5247
In base 3, what is 1 + 202?
210
In base 13, what is -16 + 6a?
54
In base 15, what is -5 - -b55?
b50
In base 13, what is -21 + 7?
-17
In base 11, what is 5 + -a?
-5
In base 7, what is 231 + 4?
235
In base 14, what is -bcd + 9?
-bc4
In base 12, what is -29 + 12?
-17
In base 5, what is -1134 + -1?
-1140
In base 15, what is 3 - 4d?
-4a
In base 5, what is 112 + 0?
112
In base 14, what is b5 + -4?
b1
In base 8, what is -50 - 30?
-100
In base 3, what is 111001121 - -2?
111001200
In base 7, what is -10 - 11?
-21
In base 2, what is -100 + 10100001?
10011101
In base 11, what is -5 + a4?
9a
In base 12, what is 0 + 87a?
87a
In base 6, what is -2 + 211?
205
In base 2, what is 11110 + 1?
11111
In base 14, what is 17d6 - -5?
17db
In base 16, what is 4 + 2e?
32
In base 8, what is 154 + -3?
151
In base 11, what is -274a + -4?
-2753
In base 16, what is 7 - 4e?
-47
In base 16, what is 8c4 - 4?
8c0
In base 4, what is -10 - -1010?
1000
In base 11, what is 697 - 1?
696
In base 15, what is -17e + -1?
-180
In base 9, what is 2 - -2111?
2113
In base 4, what is 13233 - 3?
13230
In base 14, what is -4 + 87?
83
In base 3, what is -100100022 + 2?
-100100020
In base 4, what is -131 + -32?
-223
In base 13, what is -5 + -33?
-38
In base 5, what is 0 - -121?
121
In base 8, what is -26 + -155?
-203
In base 6, what is -32 - 1303?
-1335
In base 10, what is -5 + 5810?
5805
In base 9, what is 1870 + -5?
1864
In base 10, what is 4 - 146?
-142
In base 16, what is ed + 4?
f1
In base 6, what is 1 - 13?
-12
In base 16, what is 3b + -20?
1b
In base 11, what is 0 + 141?
141
In base 11, what is -6 + -560?
-566
In base 8, what is 157 - -5?
164
In base 10, what is -795 - 3?
-798
In base 5, what is -10 - 204?
-214
In base 4, what is -11311 + -2?
-11313
In base 12, what is 80 - -90?
150
In base 12, what is a07 - 5?
a02
In base 6, what is 0 + 2304?
2304
In base 11, what is 37 + -66?
-2a
In base 15, what is 1 - -ba?
bb
In base 10, what is 12 + -1710?
-1698
In base 2, what is 110011100010010 + 0?
110011100010010
In base 16, what is 10d - -7?
114
In base 12, what is -166 - -1?
-165
In base 3, what is -211212122 + -10?
-211212202
In base 11, what is 73 - -42?
105
In base 13, what is 9 + 3?
c
In base 6, what is -3 + -135?
-142
In base 2, what is 110000 + -11000?
11000
In base 15, what is -5 - -17?
12
In base 5, what is -1 - -3414?
3413
In base 10, what is -4 + -47?
-51
In base 8, what is -255 + 0?
-255
In base 10, what is 5 - -1927?
1932
In base 16, what is 3 - 62?
-5f
In base 12, what is -3 - 139?
-140
In base 15, what is -a1 - 16?
-b7
In base 2, what is -1 + -1000000?
-1000001
In base 6, what is 421 + -2?
415
In base 10, what is -2 + -20?
-22
In base 9, what is 457 - 3?
454
In base 7, what is 16 + -45?
-26
In base 7, what is -1513 + 1?
-1512
In base 5, what is -20 + -2?
-22
In base 16, what is 3f0 + 5?
3f5
In base 4, what is 11 - -21212?
21223
In base 8, what is -7 - 4?
-13
In base 5, what is 32402 + -4?
32343
In base 16, what is 3 + b?
e
In base 14, what is -6 + -73?
-79
In base 14, what is 16 + -839?
-823
In base 12, what is a + -32?
-24
In base 9, what is -3 - 22?
-25
In base 10, what is -5 - 694?
-699
In base 7, what is 62 + 10?
102
In base 12, what is 1855 + 0?
1855
In base 15, what is 2 + 2c?
2e
In base 15, what is -19b - 4?
-1a0
In base 6, what is 400 - -102?
502
In base 16, what is bf6 - -2?
bf8
In base 6, what is -534 - -45?
-445
In base 13, what is -5 + -79?
-81
In base 16, what is -5 + b9?
b4
In base 11, what is -35a1 - -2?
-359a
In base 6, what is 1 + 243?
244
In base 3, what is 222 + 1100?
2022
In base 6, what is -12042 + -13?
-12055
In base 3, what is 1112120 + -10?
1112110
In base 6, what is -155342 - -2?
-155340
In base 11, what is 159 + 1?
15a
In base 8, what is -5 - 250?
-255
In base 9, what is 141 + -5?
135
In base 12, what is -12 - -39?
27
In base 11, what is 1743 + 5?
1748
In base 7, what is -5 - 241?
-246
In base 10, what is -1 - -2?
1
In base 11, what is 695 + 3?
698
In base 8, what is 473 - 1?
472
In base 9, what is -14 - -687?
673
In base 4, what is 112 - -1021?
1133
In base 14, what is -1 + -2d?
-30
In base 2, what is -10001011101 + -10?
-10001011111
In base 6, what is 23 + 1344?
1411
In base 16, what is 3 + -6b?
-68
In base 3, what is 0 + 1210?
1210
In base 2, what is -10 - -101001?
100111
In base 2, what is -101 + -10111000?
-10111101
In base 10, what is -376 - 0?
-376
In base 8, what is 60321 - 1?
60320
In base 9, what is -8 - 5?
-14
In base 14, what is -4 + -d5?
-d9
In base 4, what is 10 + 13211?
13221
In base 14, what is 1 + 110?
111
In base 3, what is 222121102 - -2?
222121111
In base 6, what is 34 + 11?
45
In base 6, what is 15 + 2331?
2350
In base 9, what is 1832 - -6?
1838
In base 10, what is -25 + -4?
-29
In base 8, what is -1 - -31?
30
In base 8, what is 24 + 2?
26
In base 3, what is -200 - -12211?
12011
In base 2, what is -100 - -1001111010?
1001110110
In base 4, what is 10 + 12010?
12020
In base 8, what is 0 - -1365?
1365
In base 9, what is -1 - 14487?
-14488
In base 15, what is -1 + -4?
-5
In base 15, what is 4 + -41?
-3c
In base 6, what is 1110 - 5?
1101
In base 12, what is 273 + -4?
26b
In base 3, what is 22 + -111?
-